 n*b. What is the remainder when b is divided by 47?
46
Let r be (-2)/(-35) + (-2556)/630. What is the remainder when ((-3)/r)/((-21203)/2652 + 8) is divided by 45?
18
Suppose 149 = 5*x - 26. Calculate the remainder when (-3)/2*-3*(-34)/(-3) is divided by x.
16
Let l = -194 - -430. Let b = 275 - l. What is the remainder when b is divided by 14?
11
Suppose 16*s = 7*s - 1359. Let t = s - -178. Calculate the remainder when 161 is divided by t.
26
Let a = 263 - -156. Let y = -382 + a. Calculate the remainder when 182 is divided by y.
34
Let t be (1 - 4) + 77 - -3. Let c be -2*1/(-4) - t/(-14). Calculate the remainder when 28 is divided by (c/(-4))/(4 - 75/18).
1
Let n = -11 + -291. Let c = -197 - n. Calculate the remainder when c is divided by 18.
15
Suppose 4*l - 63 = -o, 2*l = -2*o - 3852 + 3960. What is the remainder when 706 is divided by o?
43
Calculate the remainder when 19 is divided by ((-210)/140 - (-2 + 1))*-8.
3
Suppose -7*c = c - 144. Suppose 79*a = 72*a + 7. What is the remainder when (a - 32)*(-2)/2 is divided by c?
13
Let b = 94 - 61. Suppose -p = -4*r + 100 - 39, 0 = r - 4*p - 4. Suppose 4*f = r + 12. Calculate the remainder when b is divided by f.
5
Let u(f) = -2*f + 909. What is the remainder when u(49) is divided by 68?
63
Let d = 3285 + -3243. Calculate the remainder when 204 is divided by d.
36
Suppose -1105*t + 4556 = -1088*t. Calculate the remainder when 542 is divided by t.
6
Suppose 150 = 7*k - 109. Suppose -5*a - l + 203 = 0, 0*l - 2*l = a - k. Calculate the remainder when a is divided by 19.
3
Let k = -4295 + 6804. What is the remainder when k is divided by 157?
154
Calculate the remainder when 75 is divided by -3*(-4 - 116/6).
5
Let n(o) = -o + 6. Let r(z) = 1. Let i(u) = -6*n(u) + 34*r(u). Let s be i(-8). Let f = -39 - s. What is the remainder when 31 is divided by f?
9
Let k(w) = 108*w**2 - 3*w - 2. Suppose 0 = 16*u - 21*u + 55. Calculate the remainder when k(-1) is divided by u.
10
Let r(g) = g**3 + 7*g**2 - 17*g - 22. Let p(a) = 2*a**2 - 77*a - 46. Let m be p(39). Calculate the remainder when r(m) is divided by 46.
5
Let v(l) = l**2 - 21*l - 101. Let y be v(28). Suppose 17 + y = 14*u. What is the remainder when 98 is divided by u?
2
Suppose -13*d + 15 = -18*d, g + 3*d = 112. What is the remainder when 290 is divided by g?
48
Let t(f) be the third derivative of 5*f**4/24 + 143*f**3/6 + 22*f**2 - 3. What is the remainder when t(26) is divided by 23?
20
Let x(j) = 38*j**2 + 10*j - 4. Calculate the remainder when 963 is divided by x(1).
39
Let f = -3177 - -3284. Calculate the remainder when 846 is divided by f.
97
Let p = 2091 + -1988. Calculate the remainder when 105 is divided by p.
2
Suppose -l + 351 = 21*f - 20*f, -f + l = -339. Calculate the remainder when f is divided by 88.
81
Suppose -48*y = 24*y - 487 - 737. What is the remainder when 4/12 + (-5602)/(-6) is divided by y?
16
Let w = -251 + 257. Suppose -w*l = -28*l + 616. Calculate the remainder when 894 is divided by l.
26
Let u(b) = 39*b**2 - 24*b + 386. Calculate the remainder when u(11) is divided by 269.
268
What is the remainder when 586 is divided by 39 - (7 - (24 - 4))?
14
What is the remainder when 542 + 0 - (610 + -626) is divided by 164?
66
Suppose 5*w + 5*j = 65, 5*w + 2*j - 25 = 49. Let i be -2*-1*(-428)/(-8). Suppose 51 = 2*z - i. Calculate the remainder when z is divided by w.
15
Let q be 1/((-203)/105 - -2). Calculate the remainder when 60 is divided by 230/q + 4/(-3).
4
Suppose -6*w = w - 273. Let g = w - -72. Calculate the remainder when g is divided by ((-2)/2)/((-1)/28).
27
Suppose -2*f + 712 = 4*z, 2*f - z - 658 - 29 = 0. Let w = f - 331. Calculate the remainder when 477 is divided by w.
12
Suppose -25*t + 5*j = -30*t + 415, 2*j - 334 = -4*t. Calculate the remainder when 373 is divided by t.
37
Let r = -83 + 107. Suppose -6*y + 904 = 2*y. Calculate the remainder when y is divided by r.
17
Let y(q) = -52*q + 225. Suppose -5*r + 0*r = 4*d - 474, r - 2 = 0. Calculate the remainder when d is divided by y(4).
14
What is the remainder when ((-349)/4)/(1/(-4)) is divided by (-24)/168 + -2 + 1010/14?
69
Suppose -u + 1 = -6. Suppose 2*y + 4*g + 26 = 6, -5*y + 3*g - 11 = 0. Calculate the remainder when (-94)/y + (-24)/(-16) is divided by u.
4
Let b = -333 - -345. Calculate the remainder when 4845/b + (-6)/8 is divided by 45.
43
Suppose 17*t - 4 = 19*t. Let l be ((-12)/(-15))/(t/100). Let d = -24 - l. What is the remainder when 44 is divided by d?
12
Let i(a) = 32*a**2 - 31*a + 87. Calculate the remainder when 18891 is divided by i(3).
279
Let p = 466 + -480. Let y(j) = -j**3 - 10*j**2 - 6*j + 9. Calculate the remainder when y(-10) is divided by 6/p - (376/(-28) - -3).
9
Let w(u) = 153*u - 1801. What is the remainder when w(13) is divided by 21?
20
Let d(z) = z**2 + 22*z + 20. Let v be d(-21). Calculate the remainder when 950 is divided by v/(-2)*4216/31.
66
Let d(s) = -s**2 - 36*s + 37. Calculate the remainder when (-5995)/(-33) - 2/(-6) is divided by d(0).
34
Let r = -1655 - -1658. What is the remainder when 2032 is divided by r?
1
Let g(p) = -5*p**2 + 342*p + 381. What is the remainder when 15484 is divided by g(69)?
172
Suppose -6615 = -a - 11*a + 5937. Calculate the remainder when a is divided by 83.
50
Calculate the remainder when (8/10)/((-11)/(-495)) is divided by (624/(-26))/((-104)/13).
0
Suppose i - 61 = -b, 0 = -14*b + 25*b + 4*i - 650. Calculate the remainder when 202 is divided by b.
28
Let o = 787 + -1255. Let h = o - -646. What is the remainder when h is divided by 36?
34
Let u = 4272 + -3884. What is the remainder when u is divided by 372?
16
Let g = 983 - 2891. Calculate the remainder when (17/51)/(-2*1/g) is divided by 20.
18
Let g(d) = d**3 + d**2 - 13*d + 9. Let i = 265 + -119. Calculate the remainder when i is divided by g(4).
35
Let x(a) = 2*a**3 - 19*a**2 + 23*a - 20. Let u(r) = -2*r**3 + 31*r**2 - 14*r - 6. Let v be u(15). What is the remainder when x(v) is divided by 3?
1
Suppose 11 + 7 = 6*i. Let m(d) be the third derivative of d**6/120 + 7*d**5/60 - d**4/12 - 15*d**2. What is the remainder when m(-7) is divided by i?
2
Let k(n) = -n**2 - 27*n - 65. Let z = -150 - -127. Suppose 2*p - 6*p + 208 = 0. What is the remainder when p is divided by k(z)?
25
Suppose -3*g + 78 = -5*c - 75, 12*c = -3*g + 204. What is the remainder when 671 is divided by g?
55
Suppose -6*x - 14 = -164. Suppose -x*m + 20*m = -230. What is the remainder when 134 is divided by m?
42
Suppose 1076 + 1684 = 10*z. What is the remainder when z is divided by 107?
62
Suppose -5*z + 5 = 0, 0*g - 60 = -2*g + 4*z. Calculate the remainder when g is divided by 2 + (1/(-2) - 6*7/84).
0
Let j be 2/5 - (-157)/(-5). What is the remainder when 78 is divided by 0 - 2 - -5 - (-42 - j)?
8
Let z = 18 + -19. Let q(f) = -6*f - 16. Let o(x) = -x - 1. Let j(m) = z*q(m) + 5*o(m). What is the remainder when 19 is divided by j(-4)?
5
Let z(r) = 2*r + 4. Let u be z(-5). Let a(s) = s**2 + 4*s - 2. Calculate the remainder when (8 + 13)*(5 + 56/(-21)) is divided by a(u).
9
Let d = 4728 - 1514. Calculate the remainder when d is divided by 26.
16
Let i(z) = 17*z**3 + 5*z**2 - 109*z + 527. Calculate the remainder when i(5) is divided by 80.
72
Suppose 36*z - 11879 - 34542 = -4733. Calculate the remainder when z is divided by 19.
18
Suppose -b + 10 = 4*a, -5*a + 7*b = 3*b - 2. Suppose d = a*k - 2, -6*k - 6 = -3*d - 3*k. What is the remainder when 141 is divided by d?
3
Let a = 277 + 46. Calculate the remainder when a is divided by 2/4 + (-3210)/(-60).
53
Suppose -30*x + 27*x = -1284. Suppose -5*f = -x + 98. Let u = f + -49. Calculate the remainder when 78 is divided by u.
10
Suppose -2*m - 9 = m, 4*m = -u + 37. Suppose -4*y + 8*y + 2*g = 20, 0 = 11*y + 5*g - 52. Calculate the remainder when u is divided by y.
1
Suppose -o - 119 = -3*z, 4*z - 2*o = 7*z - 122. Suppose -15 = -43*q + z*q. Calculate the remainder when q is divided by 3.
2
Let c = 16 + 11. Suppose 4*i = 3*z - 1, 3*z = 4*z - 3*i + 3. Suppose -3*h + 6*h - 30 = -z*s, -4*h - 30 = -3*s. What is the remainder when c is divided by s?
7
Let x(c) = 9 + 16 + 5 - 5*c. Calculate the remainder when 132 is divided by x(-3).
42
Suppose -5*a = -9*a + a + 2487. Calculate the remainder when a is divided by 205.
9
Let i be 2/(-13) - (-670)/130. 